ulate the greatest common factor of 34 and 2754.
34
Calculate the highest common factor of 92 and 736.
92
What is the greatest common divisor of 105 and 5481?
21
What is the greatest common factor of 605 and 5?
5
What is the highest common divisor of 775 and 1085?
155
What is the greatest common divisor of 302 and 453?
151
What is the highest common divisor of 12 and 633?
3
What is the highest common factor of 3 and 219?
3
What is the highest common factor of 197 and 394?
197
Calculate the greatest common divisor of 8 and 1016.
8
Calculate the greatest common factor of 2613 and 78.
39
What is the highest common factor of 65 and 1235?
65
Calculate the greatest common divisor of 6 and 268.
2
What is the highest common factor of 2363 and 425?
17
Calculate the greatest common divisor of 10 and 146.
2
Calculate the greatest common divisor of 1794 and 377.
13
What is the greatest common divisor of 120 and 2240?
40
Calculate the highest common factor of 1155 and 1617.
231
Calculate the greatest common factor of 2272 and 64.
32
Calculate the highest common factor of 232 and 17400.
232
Calculate the highest common factor of 21 and 1043.
7
What is the highest common divisor of 12212 and 1420?
284
Calculate the greatest common divisor of 1028 and 2.
2
Calculate the highest common factor of 1469 and 91.
13
Calculate the highest common factor of 1353 and 1599.
123
What is the greatest common factor of 98 and 6272?
98
Calculate the highest common divisor of 32 and 2384.
16
What is the highest common factor of 564 and 40326?
282
What is the greatest common divisor of 169 and 65?
13
Calculate the greatest common divisor of 9 and 801.
9
Calculate the greatest common factor of 1376 and 32.
32
What is the greatest common divisor of 84 and 9884?
28
Calculate the greatest common divisor of 644 and 28.
28
Calculate the highest common factor of 312 and 260.
52
Calculate the highest common factor of 1161 and 54.
27
What is the highest common factor of 14343 and 21?
21
What is the greatest common divisor of 28 and 14?
14
What is the greatest common factor of 154 and 1652?
14
What is the highest common factor of 948 and 1?
1
Calculate the highest common factor of 12 and 3228.
12
What is the highest common divisor of 32 and 5216?
32
What is the greatest common factor of 1464 and 24?
24
What is the greatest common factor of 110 and 88?
22
What is the highest common divisor of 329 and 7?
7
Calculate the highest common divisor of 57 and 9861.
57
Calculate the greatest common divisor of 715 and 325.
65
What is the greatest common factor of 144 and 2484?
36
Calculate the highest common divisor of 784 and 1792.
112
What is the highest common factor of 140 and 620?
20
Calculate the greatest common factor of 23 and 2783.
23
What is the highest common factor of 9 and 18?
9
What is the highest common divisor of 61 and 183?
61
Calculate the highest common divisor of 78 and 65.
13
What is the greatest common divisor of 12339 and 108?
27
What is the greatest common factor of 430 and 4085?
215
Calculate the greatest common divisor of 483 and 207.
69
Calculate the highest common factor of 207 and 276.
69
What is the highest common divisor of 2358 and 54?
18
Calculate the greatest common divisor of 3 and 16.
1
What is the greatest common factor of 32 and 36?
4
What is the highest common factor of 377 and 4698?
29
Calculate the greatest common factor of 855 and 75.
15
What is the greatest common divisor of 18 and 48?
6
Calculate the greatest common factor of 70 and 805.
35
What is the highest common factor of 92 and 12?
4
What is the greatest common divisor of 31 and 868?
31
Calculate the greatest common factor of 437 and 76.
19
What is the highest common divisor of 159 and 8427?
159
Calculate the greatest common factor of 3 and 75.
3
Calculate the highest common divisor of 12410 and 170.
170
Calculate the highest common factor of 75 and 2235.
15
Calculate the highest common divisor of 833 and 119.
119
Calculate the greatest common factor of 2330 and 10.
10
What is the greatest common factor of 280 and 875?
35
Calculate the highest common divisor of 377 and 29.
29
What is the highest common divisor of 4326 and 824?
206
What is the highest common factor of 49 and 2303?
49
What is the greatest common divisor of 108 and 60?
12
Calculate the greatest common divisor of 315 and 126.
63
What is the greatest common divisor of 576 and 64?
64
What is the highest common divisor of 209 and 38?
19
What is the greatest common factor of 10488 and 57?
57
What is the greatest common divisor of 671 and 11?
11
Calculate the highest common factor of 29 and 20764.
29
What is the highest common divisor of 901 and 255?
17
Calculate the highest common divisor of 115922 and 149.
149
What is the greatest common factor of 88 and 1430?
22
What is the highest common divisor of 10 and 80?
10
Calculate the highest common divisor of 66 and 561.
33
What is the highest common factor of 4 and 18?
2
Calculate the highest common factor of 695 and 60.
5
What is the greatest common factor of 1763 and 43?
43
What is the highest common divisor of 170 and 180?
10
What is the greatest common factor of 78 and 22?
2
Calculate the highest common divisor of 46 and 6302.
46
Calculate the greatest common factor of 119 and 119.
119
Calculate the highest common divisor of 486 and 90.
18
Calculate the greatest common factor of 104 and 26.
26
What is the highest common factor of 74 and 8?
2
What is the highest common divisor of 3 and 99?
3
Calculate the greatest common divisor of 11 and 31614.
11
What is the greatest common factor of 30 and 250?
10
Calculate the highest common divisor of 230 and 20.
10
What is the greatest common factor of 6853 and 99?
11
What is the greatest common divisor of 8 and 16?
8
What is the highest common divisor of 33 and 1232?
11
What is the greatest common divisor of 17300 and 100?
100
What is the greatest common factor of 108 and 64?
4
Calculate the highest common divisor of 74 and 11618.
74
What is the greatest common divisor of 999 and 270?
27
Calculate the highest common factor of 12 and 322.
2
What is the greatest common divisor of 64 and 1?
1
What is the greatest common factor of 1296 and 16?
16
What is the greatest common factor of 424 and 40?
8
Calculate the greatest common factor of 550 and 400.
50
What is the greatest common factor of 432 and 64?
16
Calculate the highest common divisor of 256 and 1.
1
Calculate the greatest common factor of 550 and 176.
22
Calculate the greatest common divisor of 2816 and 2464.
352
Calculate the greatest common divisor of 6842 and 33.
11
What is the greatest common factor of 12250 and 7?
7
Calculate the highest common factor of 6 and 54.
6
What is the greatest common factor of 192 and 992?
32
Calculate the highest common divisor of 53 and 1007.
53
Calculate the highest common factor of 7644 and 1248.
156
What is the greatest common factor of 6 and 2082?
6
What is the greatest common divisor of 1376 and 96?
32
Calculate the highest common factor of 88 and 192.
8
Calculate the greatest common factor of 16 and 7088.
16
What is the highest common divisor of 51 and 3383?
17
What is the greatest common divisor of 6578 and 52?
26
Calculate the greatest common factor of 88 and 220.
44
What is the greatest common factor of 2 and 17?
1
What is the highest common divisor of 209 and 660?
11
What is the greatest common divisor of 6 and 147?
3
What is the highest common divisor of 1918 and 70?
14
Calculate the highest common divisor of 765 and 2210.
85
Calculate the highest common factor of 147 and 49.
49
What is the greatest common factor of 105 and 1095?
15
Calculate the greatest common factor of 1284 and 12.
12
What is the greatest common divisor of 56 and 2?
2
Calculate the highest common factor of 465 and 45.
15
What is the highest common factor of 31 and 7099?
31
What is the highest common factor of 12 and 96?
12
What is the highest common divisor of 1281 and 42?
21
Calculate the highest common divisor of 7680 and 135.
15
Calculate the highest common divisor of 44 and 1551.
11
What is the highest common factor of 160 and 5?
5
Calculate the highest common factor of 47 and 1175.
47
Calculate the highest common factor of 448 and 3808.
224
What is the highest common factor